{"id":166,"date":"2017-01-30T13:28:26","date_gmt":"2017-01-30T12:28:26","guid":{"rendered":"http:\/\/mdgroup.com.pl\/?page_id=166"},"modified":"2017-02-20T13:03:00","modified_gmt":"2017-02-20T12:03:00","slug":"uber-uns","status":"publish","type":"page","link":"https:\/\/mdgroup.com.pl\/?page_id=166&lang=de","title":{"rendered":"\u00dcber uns"},"content":{"rendered":"<h2 style=\"margin-bottom: 30px;\">MD Group<\/h2>\n<p>Angebot MD\u00a0 Group ist die Offerte Pflaster Werkzeuge in Polen hergestellt. Sind ist Werkzeuge. Erledigt mit national Materialien gekennzeichnet durch beste Qualit\u00e4t und sorgf\u00e4ltige Ausf\u00fchrung. Auf dem polnischen Markt arbeit uber 10 Jahre.<\/p>\n<p><span lang=\"de-AT\">Wir kooperieren mit namhaften Unthernehmen \u00a0Industrie Bau- und Stra\u00dfen. In den letzten Jahren haben wir Operationen im Ausland erweitert, unsere Werkzeuge werden immer beliebter in vielen europ\u00e4ischen L\u00e4ndern <\/span><span lang=\"de\">und in der Welt<\/span> <span lang=\"de-AT\">zu werden.\u00a0<\/span>Wir sind spezialisiert auf die Bed\u00fcrfnisse des Kunden und den Markt bei der Schaffung von angepassten Werkzeugen. Wir f\u00fchren individuelle Auftr\u00e4ge. Wir bieten technische Beratung auf hohem Niveau. Wir sind f\u00fcr den Aufbau dauerhafter Beziehungen mit unseren Distributoren verpflichtet.Wenn Sie an unseren Produkten interessiert sind und Fragen haben, werden wir froh sein, alle zu beantworten.<\/p>\n<p>Wir laden Sie ein mit Handelsunternehmen, Gro\u00dfh\u00e4ndler, H\u00e4ndler und Bauunternehmen und Stra\u00dfe zu kooperieren.<\/p>\n","protected":false},"excerpt":{"rendered":"<p>MD Group Angebot MD\u00a0 Group ist die Offerte Pflaster Werkzeuge in Polen hergestellt. Sind ist Werkzeuge. Erledigt mit national Materialien gekennzeichnet durch beste Qualit\u00e4t und sorgf\u00e4ltige Ausf\u00fchrung. Auf dem polnischen Markt arbeit uber 10 Jahre. Wir kooperieren mit namhaften Unthernehmen \u00a0Industrie Bau- und Stra\u00dfen. In den letzten Jahren haben wir Operationen im Ausland erweitert, unsere [&hellip;]<\/p>\n","protected":false},"author":1,"featured_media":0,"parent":0,"menu_order":0,"comment_status":"closed","ping_status":"closed","template":"","meta":{"footnotes":""},"class_list":["post-166","page","type-page","status-publish","hentry"],"yoast_head":"<!-- This site is optimized with the Yoast SEO plugin v24.5 - https:\/\/yoast.com\/wordpress\/plugins\/seo\/ -->\n<title>MD Group - lern unser Angebot der Pflasterprofiwerkzeug kennen.<\/title>\n<meta name=\"description\" content=\"Wir sind der Erzeuger sowie der Vertreiber der Pflaster- sowie Bau- Profiwerkzeug. Sieh das vollst\u00e4ndige Angebot der profesionell Pflaster- Griffe.\" \/>\n<meta name=\"robots\" content=\"index, follow, max-snippet:-1, max-image-preview:large, max-video-preview:-1\" \/>\n<link rel=\"canonical\" href=\"https:\/\/mdgroup.com.pl\/?page_id=166&lang=de\" \/>\n<meta property=\"og:locale\" content=\"pl_PL\" \/>\n<meta property=\"og:type\" content=\"article\" \/>\n<meta property=\"og:title\" content=\"MD Group - lern unser Angebot der Pflasterprofiwerkzeug kennen.\" \/>\n<meta property=\"og:description\" content=\"Wir sind der Erzeuger sowie der Vertreiber der Pflaster- sowie Bau- Profiwerkzeug. Sieh das vollst\u00e4ndige Angebot der profesionell Pflaster- Griffe.\" \/>\n<meta property=\"og:url\" content=\"https:\/\/mdgroup.com.pl\/?page_id=166&amp;lang=de\" \/>\n<meta property=\"og:site_name\" content=\"Md Group is business engaged in the sale and production of paving tools, sawblades, and many others.\" \/>\n<meta property=\"article:modified_time\" content=\"2017-02-20T12:03:00+00:00\" \/>\n<meta name=\"twitter:card\" content=\"summary_large_image\" \/>\n<meta name=\"twitter:label1\" content=\"Szacowany czas czytania\" \/>\n\t<meta name=\"twitter:data1\" content=\"1 minuta\" \/>\n<script type=\"application\/ld+json\" class=\"yoast-schema-graph\">{\"@context\":\"https:\/\/schema.org\",\"@graph\":[{\"@type\":\"WebPage\",\"@id\":\"https:\/\/mdgroup.com.pl\/?page_id=166&lang=de\",\"url\":\"https:\/\/mdgroup.com.pl\/?page_id=166&lang=de\",\"name\":\"MD Group - lern unser Angebot der Pflasterprofiwerkzeug kennen.\",\"isPartOf\":{\"@id\":\"https:\/\/mdgroup.com.pl\/#website\"},\"datePublished\":\"2017-01-30T12:28:26+00:00\",\"dateModified\":\"2017-02-20T12:03:00+00:00\",\"description\":\"Wir sind der Erzeuger sowie der Vertreiber der Pflaster- sowie Bau- Profiwerkzeug. Sieh das vollst\u00e4ndige Angebot der profesionell Pflaster- Griffe.\",\"breadcrumb\":{\"@id\":\"https:\/\/mdgroup.com.pl\/?page_id=166&lang=de#breadcrumb\"},\"inLanguage\":\"pl-PL\",\"potentialAction\":[{\"@type\":\"ReadAction\",\"target\":[\"https:\/\/mdgroup.com.pl\/?page_id=166&lang=de\"]}]},{\"@type\":\"BreadcrumbList\",\"@id\":\"https:\/\/mdgroup.com.pl\/?page_id=166&lang=de#breadcrumb\",\"itemListElement\":[{\"@type\":\"ListItem\",\"position\":1,\"name\":\"Strona g\u0142\u00f3wna\",\"item\":\"https:\/\/mdgroup.com.pl\/?lang=pl\"},{\"@type\":\"ListItem\",\"position\":2,\"name\":\"\u00dcber uns\"}]},{\"@type\":\"WebSite\",\"@id\":\"https:\/\/mdgroup.com.pl\/#website\",\"url\":\"https:\/\/mdgroup.com.pl\/\",\"name\":\"Md Group is business engaged in the sale and production of paving tools, sawblades, and many others.\",\"description\":\"Md Group is business engaged in the sale and production of paving tools, saw blades, and many others.\",\"potentialAction\":[{\"@type\":\"SearchAction\",\"target\":{\"@type\":\"EntryPoint\",\"urlTemplate\":\"https:\/\/mdgroup.com.pl\/?s={search_term_string}\"},\"query-input\":{\"@type\":\"PropertyValueSpecification\",\"valueRequired\":true,\"valueName\":\"search_term_string\"}}],\"inLanguage\":\"pl-PL\"}]}<\/script>\n<!-- \/ Yoast SEO plugin. -->","yoast_head_json":{"title":"MD Group - lern unser Angebot der Pflasterprofiwerkzeug kennen.","description":"Wir sind der Erzeuger sowie der Vertreiber der Pflaster- sowie Bau- Profiwerkzeug. Sieh das vollst\u00e4ndige Angebot der profesionell Pflaster- Griffe.","robots":{"index":"index","follow":"follow","max-snippet":"max-snippet:-1","max-image-preview":"max-image-preview:large","max-video-preview":"max-video-preview:-1"},"canonical":"https:\/\/mdgroup.com.pl\/?page_id=166&lang=de","og_locale":"pl_PL","og_type":"article","og_title":"MD Group - lern unser Angebot der Pflasterprofiwerkzeug kennen.","og_description":"Wir sind der Erzeuger sowie der Vertreiber der Pflaster- sowie Bau- Profiwerkzeug. Sieh das vollst\u00e4ndige Angebot der profesionell Pflaster- Griffe.","og_url":"https:\/\/mdgroup.com.pl\/?page_id=166&lang=de","og_site_name":"Md Group is business engaged in the sale and production of paving tools, sawblades, and many others.","article_modified_time":"2017-02-20T12:03:00+00:00","twitter_card":"summary_large_image","twitter_misc":{"Szacowany czas czytania":"1 minuta"},"schema":{"@context":"https:\/\/schema.org","@graph":[{"@type":"WebPage","@id":"https:\/\/mdgroup.com.pl\/?page_id=166&lang=de","url":"https:\/\/mdgroup.com.pl\/?page_id=166&lang=de","name":"MD Group - lern unser Angebot der Pflasterprofiwerkzeug kennen.","isPartOf":{"@id":"https:\/\/mdgroup.com.pl\/#website"},"datePublished":"2017-01-30T12:28:26+00:00","dateModified":"2017-02-20T12:03:00+00:00","description":"Wir sind der Erzeuger sowie der Vertreiber der Pflaster- sowie Bau- Profiwerkzeug. Sieh das vollst\u00e4ndige Angebot der profesionell Pflaster- Griffe.","breadcrumb":{"@id":"https:\/\/mdgroup.com.pl\/?page_id=166&lang=de#breadcrumb"},"inLanguage":"pl-PL","potentialAction":[{"@type":"ReadAction","target":["https:\/\/mdgroup.com.pl\/?page_id=166&lang=de"]}]},{"@type":"BreadcrumbList","@id":"https:\/\/mdgroup.com.pl\/?page_id=166&lang=de#breadcrumb","itemListElement":[{"@type":"ListItem","position":1,"name":"Strona g\u0142\u00f3wna","item":"https:\/\/mdgroup.com.pl\/?lang=pl"},{"@type":"ListItem","position":2,"name":"\u00dcber uns"}]},{"@type":"WebSite","@id":"https:\/\/mdgroup.com.pl\/#website","url":"https:\/\/mdgroup.com.pl\/","name":"Md Group is business engaged in the sale and production of paving tools, sawblades, and many others.","description":"Md Group is business engaged in the sale and production of paving tools, saw blades, and many others.","potentialAction":[{"@type":"SearchAction","target":{"@type":"EntryPoint","urlTemplate":"https:\/\/mdgroup.com.pl\/?s={search_term_string}"},"query-input":{"@type":"PropertyValueSpecification","valueRequired":true,"valueName":"search_term_string"}}],"inLanguage":"pl-PL"}]}},"_links":{"self":[{"href":"https:\/\/mdgroup.com.pl\/index.php?rest_route=\/wp\/v2\/pages\/166","targetHints":{"allow":["GET"]}}],"collection":[{"href":"https:\/\/mdgroup.com.pl\/index.php?rest_route=\/wp\/v2\/pages"}],"about":[{"href":"https:\/\/mdgroup.com.pl\/index.php?rest_route=\/wp\/v2\/types\/page"}],"author":[{"embeddable":true,"href":"https:\/\/mdgroup.com.pl\/index.php?rest_route=\/wp\/v2\/users\/1"}],"replies":[{"embeddable":true,"href":"https:\/\/mdgroup.com.pl\/index.php?rest_route=%2Fwp%2Fv2%2Fcomments&post=166"}],"version-history":[{"count":3,"href":"https:\/\/mdgroup.com.pl\/index.php?rest_route=\/wp\/v2\/pages\/166\/revisions"}],"predecessor-version":[{"id":412,"href":"https:\/\/mdgroup.com.pl\/index.php?rest_route=\/wp\/v2\/pages\/166\/revisions\/412"}],"wp:attachment":[{"href":"https:\/\/mdgroup.com.pl\/index.php?rest_route=%2Fwp%2Fv2%2Fmedia&parent=166"}],"curies":[{"name":"wp","href":"https:\/\/api.w.org\/{rel}","templated":true}]}}